of 31 and 17?
1
What is the greatest common factor of 7992 and 27?
27
What is the highest common factor of 9 and 5949?
9
What is the greatest common divisor of 32 and 80?
16
Calculate the highest common divisor of 12252 and 24.
12
Calculate the greatest common divisor of 28 and 49.
7
What is the highest common divisor of 56 and 49?
7
What is the highest common divisor of 462 and 1903?
11
Calculate the highest common factor of 44 and 21846.
22
What is the greatest common divisor of 33 and 1408?
11
Calculate the greatest common factor of 528 and 231.
33
Calculate the highest common divisor of 251 and 4.
1
What is the greatest common factor of 2954 and 56?
14
Calculate the highest common factor of 14 and 406.
14
What is the highest common divisor of 2349 and 54?
27
Calculate the highest common divisor of 16 and 32.
16
What is the highest common factor of 24 and 312?
24
Calculate the greatest common divisor of 64 and 736.
32
What is the greatest common divisor of 45810 and 270?
90
What is the greatest common divisor of 222 and 2960?
74
Calculate the highest common factor of 1 and 2003.
1
What is the highest common divisor of 36 and 498?
6
What is the greatest common factor of 440 and 1408?
88
Calculate the greatest common factor of 3619 and 231.
77
What is the greatest common divisor of 15 and 345?
15
Calculate the greatest common factor of 78 and 10491.
39
What is the highest common divisor of 48 and 9616?
16
Calculate the highest common factor of 22 and 2.
2
Calculate the highest common factor of 979 and 1067.
11
Calculate the greatest common divisor of 2060 and 40.
20
What is the highest common factor of 1600 and 100?
100
What is the highest common divisor of 680 and 2320?
40
What is the highest common divisor of 9 and 9?
9
Calculate the greatest common divisor of 92 and 2231.
23
Calculate the highest common factor of 201 and 1072.
67
Calculate the highest common factor of 82 and 369.
41
What is the greatest common divisor of 506 and 1978?
46
What is the greatest common factor of 238 and 5593?
119
Calculate the greatest common divisor of 435 and 45.
15
What is the highest common divisor of 413 and 7?
7
What is the greatest common divisor of 35 and 8435?
35
What is the highest common divisor of 357 and 14?
7
Calculate the highest common divisor of 122 and 854.
122
Calculate the greatest common divisor of 154 and 858.
22
What is the greatest common divisor of 6918 and 30?
6
What is the highest common factor of 275 and 55?
55
Calculate the greatest common divisor of 190 and 10.
10
Calculate the highest common factor of 385 and 55.
55
What is the highest common factor of 187 and 119?
17
What is the greatest common factor of 26 and 286?
26
Calculate the greatest common factor of 116 and 116.
116
What is the greatest common factor of 75 and 2670?
15
What is the greatest common factor of 55 and 15?
5
Calculate the greatest common factor of 40 and 260.
20
Calculate the greatest common divisor of 4 and 6398.
2
What is the greatest common factor of 3870 and 3440?
430
Calculate the greatest common factor of 820 and 60.
20
What is the highest common factor of 39 and 51?
3
Calculate the greatest common divisor of 15064 and 16.
8
Calculate the greatest common divisor of 70 and 42.
14
What is the greatest common divisor of 1235 and 325?
65
What is the highest common divisor of 640 and 200?
40
Calculate the greatest common divisor of 18051 and 33.
33
Calculate the highest common divisor of 1066 and 312.
26
What is the highest common factor of 286 and 2574?
286
Calculate the greatest common divisor of 854 and 28.
14
What is the highest common factor of 5816 and 8?
8
What is the greatest common divisor of 1548 and 48?
12
Calculate the highest common factor of 508 and 635.
127
What is the greatest common divisor of 93908 and 68?
68
What is the greatest common divisor of 222 and 48?
6
Calculate the highest common factor of 35056 and 112.
112
Calculate the greatest common factor of 14 and 322.
14
Calculate the highest common divisor of 575 and 230.
115
Calculate the greatest common divisor of 35 and 3675.
35
Calculate the highest common divisor of 42 and 1218.
42
What is the highest common divisor of 48 and 132?
12
Calculate the greatest common factor of 144 and 96.
48
Calculate the greatest common factor of 17 and 289.
17
What is the highest common divisor of 5183 and 146?
73
Calculate the highest common factor of 16 and 104.
8
Calculate the greatest common factor of 715 and 91.
13
What is the highest common factor of 328 and 24?
8
Calculate the highest common factor of 1788 and 384.
12
What is the greatest common divisor of 2937 and 132?
33
Calculate the highest common factor of 265 and 106.
53
Calculate the highest common factor of 1469 and 195.
13
Calculate the greatest common divisor of 304 and 1102.
38
What is the highest common divisor of 38 and 190?
38
What is the highest common factor of 78 and 156?
78
Calculate the greatest common divisor of 48 and 368.
16
Calculate the greatest common factor of 15 and 40.
5
What is the highest common factor of 540 and 1368?
36
What is the highest common factor of 5963 and 89?
89
What is the greatest common divisor of 174 and 2175?
87
What is the highest common factor of 43 and 47429?
43
What is the highest common factor of 4 and 2404?
4
Calculate the highest common factor of 35 and 16205.
35
Calculate the highest common divisor of 68 and 16.
4
What is the greatest common divisor of 55 and 30?
5
What is the highest common factor of 195 and 780?
195
Calculate the highest common divisor of 8064 and 882.
126
Calculate the highest common divisor of 108 and 558.
18
Calculate the greatest common factor of 118 and 6.
2
Calculate the greatest common divisor of 13990 and 10.
10
What is the highest common divisor of 159 and 26553?
159
What is the greatest common divisor of 796 and 17711?
199
Calculate the highest common factor of 1122 and 867.
51
What is the greatest common factor of 135 and 195?
15
What is the greatest common divisor of 143 and 891?
11
What is the highest common divisor of 60 and 12570?
30
What is the greatest common factor of 16345 and 105?
35
Calculate the highest common factor of 104 and 78.
26
Calculate the greatest common divisor of 287 and 28.
7
What is the highest common factor of 17 and 1802?
17
Calculate the greatest common divisor of 182 and 26026.
182
What is the greatest common factor of 9 and 3111?
3
Calculate the greatest common divisor of 3492 and 72.
36
What is the highest common factor of 123 and 18573?
123
What is the highest common divisor of 536 and 10921?
67
Calculate the highest common divisor of 1477 and 1266.
211
What is the highest common divisor of 16 and 20128?
16
What is the greatest common divisor of 12 and 2304?
12
Calculate the greatest common factor of 90 and 666.
18
Calculate the greatest common divisor of 27 and 2880.
9
What is the highest common factor of 651 and 21?
21
What is the greatest common divisor of 95 and 2?
1
What is the highest common factor of 6760 and 40?
40
What is the greatest common divisor of 136 and 1208?
8
What is the greatest common divisor of 42 and 2674?
14
Calculate the highest common divisor of 76 and 817.
19
What is the greatest common divisor of 294 and 532?
14
What is the greatest common factor of 65 and 416?
13
What is the greatest common factor of 78 and 3406?
26
What is the greatest common divisor of 559 and 39?
13
What is the highest common divisor of 377 and 169?
13
What is the greatest common divisor of 559 and 208?
13
Calculate the highest common factor of 88 and 2336.
8
What is the greatest common factor of 1225 and 49?
49
What is the greatest common divisor of 54 and 1350?
54
Calculate the greatest common factor of 99 and 22.
11
Calculate the greatest common divisor of 16 and 1168.
16
Calculate the highest common factor of 6751 and 129.
43
What is the greatest common factor of 135 and 6669?
27
Calculate the greatest common factor of 133 and 171.
19
Calculate the greatest common factor of 32 and 32.
32
What is the highest common divisor of 972 and 1566?
54
What is the highest common factor of 12 and 1524?
12
Calculate the greatest common divisor of 89 and 712.
89
Calculate the greatest common divisor of 33 and 9108.
33
Calculate the greate